{"id":94,"date":"2018-07-19T15:40:56","date_gmt":"2018-07-19T13:40:56","guid":{"rendered":"https:\/\/www.avamplus.cz\/?page_id=94"},"modified":"2018-07-19T15:44:37","modified_gmt":"2018-07-19T13:44:37","slug":"dulezite-odkazy","status":"publish","type":"page","link":"https:\/\/www.avamplus.cz\/index.php\/dulezite-odkazy\/","title":{"rendered":"D\u016fle\u017eit\u00e9 odkazy"},"content":{"rendered":"<p><a href=\"http:\/\/www.financnisprava.cz\/\">Finan\u010dn\u00ed spr\u00e1va<\/a><\/p>\n<p><a href=\"http:\/\/www.financnisprava.cz\/cs\/danove-tiskopisy\/databaze-aktualnich-danovych-tiskopisu\">Da\u0148ov\u00fd port\u00e1l &#8211; elektronick\u00e9 formul\u00e1\u0159e<\/a><\/p>\n<p><a href=\"http:\/\/wwwinfo.mfcr.cz\/ares\/ares_es.html.cz\">ARES &#8211; Administrativn\u00ed registr ekonomick\u00fdch subjekt\u016f<\/a><\/p>\n<p><a href=\"https:\/\/or.justice.cz\/ias\/ui\/rejstrik\">Obchodn\u00ed rejst\u0159\u00edk<\/a><\/p>\n<p><a href=\"https:\/\/www.rzp.cz\/\">\u017divnostensk\u00fd rejst\u0159\u00edk<\/a><\/p>\n<p><a href=\"https:\/\/www.kdpcr.cz\/\">Komora da\u0148ov\u00fdch poradc\u016f \u010cesk\u00e9 republiky<\/a><\/p>\n<p><a href=\"https:\/\/www.kacr.cz\/detail-auditora?nGoodsID=1955\">Komora auditor\u016f \u010cesk\u00e9 republiky<\/a><\/p>\n","protected":false},"excerpt":{"rendered":"<p>Finan\u010dn\u00ed spr\u00e1va Da\u0148ov\u00fd port\u00e1l &#8211; elektronick\u00e9 formul\u00e1\u0159e ARES &#8211; Administrativn\u00ed registr ekonomick\u00fdch subjekt\u016f Obchodn\u00ed rejst\u0159\u00edk \u017divnostensk\u00fd rejst\u0159\u00edk Komora da\u0148ov\u00fdch poradc\u016f \u010cesk\u00e9 republiky Komora auditor\u016f \u010cesk\u00e9 republiky<\/p>\n","protected":false},"author":2,"featured_media":0,"parent":0,"menu_order":0,"comment_status":"closed","ping_status":"closed","template":"","meta":[],"_links":{"self":[{"href":"https:\/\/www.avamplus.cz\/index.php\/wp-json\/wp\/v2\/pages\/94"}],"collection":[{"href":"https:\/\/www.avamplus.cz\/index.php\/wp-json\/wp\/v2\/pages"}],"about":[{"href":"https:\/\/www.avamplus.cz\/index.php\/wp-json\/wp\/v2\/types\/page"}],"author":[{"embeddable":true,"href":"https:\/\/www.avamplus.cz\/index.php\/wp-json\/wp\/v2\/users\/2"}],"replies":[{"embeddable":true,"href":"https:\/\/www.avamplus.cz\/index.php\/wp-json\/wp\/v2\/comments?post=94"}],"version-history":[{"count":4,"href":"https:\/\/www.avamplus.cz\/index.php\/wp-json\/wp\/v2\/pages\/94\/revisions"}],"predecessor-version":[{"id":99,"href":"https:\/\/www.avamplus.cz\/index.php\/wp-json\/wp\/v2\/pages\/94\/revisions\/99"}],"wp:attachment":[{"href":"https:\/\/www.avamplus.cz\/index.php\/wp-json\/wp\/v2\/media?parent=94"}],"curies":[{"name":"wp","href":"https:\/\/api.w.org\/{rel}","templated":true}]}}